4.
7
Suppose 2*d + 2*s = -0*d - 2, -2*d + 4*s + 28 = 0. Suppose -12 = -4*v - 4*y, y = 5*v - 3*y - 42. What is the highest common factor of d and v?
2
Suppose 3*n - 13*n + 70 = 0. Calculate the greatest common factor of 49 and n.
7
Suppose 5*z - 2*w - 12 = 0, -w + 24 = 5*z - 0*w. Let j(q) = -2*q - 1. Let t be j(-2). Let l be 56/z + t/(-1). Calculate the greatest common divisor of l and 77.
11
Let g be 4/2 - (-208)/8. Calculate the greatest common factor of 196 and g.
28
Let d(z) = z**3 + 12*z**2 + 9*z - 17. Let t be d(-11). Suppose 4*u = -7 + 3. Let g be (1 + u)/2 + 20. Calculate the greatest common factor of g and t.
5
Let i be (-8)/(-12)*(1 - -119). Calculate the greatest common divisor of 120 and i.
40
Suppose 48 = -w + 5*w. Let q(v) = -v**3 + 13*v**2 - 13*v + 16. Let n be q(w). What is the highest common factor of n and 4?
4
Let q be 2*-3*(-63)/2. Let h = 30 - 9. What is the highest common factor of q and h?
21
Suppose 0 = 36*r - 33*r - 297. Calculate the highest common divisor of r and 11.
11
Suppose 2*p = 4*j + 8, 2*j + 8 = p + 4*j. Let i = -27 - -39. What is the greatest common divisor of i and p?
6
Suppose -3*i + 14 - 5 = 0, 2*i = 2*s - 112. Suppose 0 = m + 15 - s. Let f be (-30)/(-9) - (-4)/6. What is the highest common factor of m and f?
4
Let j be 40/16*32/10. Calculate the greatest common divisor of 12 and j.
4
Let z be (-2 - 8/(-6))/(28/(-2226)). What is the highest common factor of 583 and z?
53
Suppose 182 = 3*l + l - 2*c, 2*l = -c + 101. Let n be 9/6*l/9. Let f = -8 - -32. Calculate the highest common divisor of n and f.
8
Suppose -3*f + 13 = 52. Let h be ((-1 - 8) + -2)*f. What is the greatest common factor of h and 13?
13
Let t(f) = 6*f - 15. Let j be t(3). What is the highest common factor of 3 and j?
3
Let y(n) = 9*n + 5*n**3 + 3*n**2 - 4*n**3 - 8*n. Let a be y(-2). Suppose 2*k = -i + 3*i + 24, -4*k + a*i = -44. What is the highest common factor of 80 and k?
10
Let k = 3 - -5. Suppose -c + 4*h + k = 0, c - 4*h = h + 9. What is the highest common divisor of c and 1?
1
Let p(h) = -h**3 - 3*h**2 - 3*h + 2. Let b be p(-3). What is the highest common factor of 99 and b?
11
Let t(v) = v**2 - 5*v + 2. Let b be t(-3). Calculate the greatest common divisor of b and 13.
13
Suppose -4*r + 11 = -3*n, -n - 2 = 2*r + 5. Let a = n + 11. What is the greatest common divisor of 4 and a?
2
Let m(j) = -3*j**3 + 2*j**2 - j. Let x be m(1). Let p(d) = -45*d - 1. Let a be p(x). Let l = -23 + a. What is the greatest common divisor of 6 and l?
6
Let s = -5 - -15. Calculate the highest common factor of 10 and s.
10
Let n be (-2114)/(-21)*6/(-4). Let u = n - -221. Suppose -d + 1 = -9. What is the greatest common factor of d and u?
10
Let b = -133 - -241. Calculate the highest common divisor of 12 and b.
12
Suppose p = -3, -3*y - 5*p + 245 = -y. Let q(c) = c**2 + c + 52. Suppose 0 = -5*f + 2*f. Let j be q(f). What is the greatest common factor of y and j?
26
Let g be (36/(-7))/((-1)/7). Let d be 0 - 5/((-15)/g). Calculate the highest common divisor of d and 2.
2
Suppose 0*o - 28 = -4*o. Let r = -30 + 79. What is the greatest common divisor of r and o?
7
Let x(n) = 8*n - 1. Let f = 11 - 7. Suppose -d - 3*g + 7 = -6*g, 4*d + f*g = -4. Let i be x(d). Calculate the greatest common divisor of 21 and i.
7
Suppose 3*j = -4*j + 56. Let r be ((-2)/4)/(1/(-40)). What is the greatest common factor of r and j?
4
Suppose 7*r - 3*r - 8 = 0. Calculate the greatest common divisor of r and 22.
2
Suppose 79*b - 392 = 71*b. What is the greatest common factor of 7 and b?
7
Suppose -3*x = -25 - 119. Let k(t) = -18*t + 1. Let l be k(-2). Suppose -d + 4*n = -36, -n = 2*d - 2*n - l. Calculate the highest common factor of x and d.
16
Let o(i) be the first derivative of i**4/4 + 2*i**3 + 3*i - 5. Let y be o(-6). What is the highest common divisor of 33 and y?
3
Suppose 0 = 2*p - s - 25, -6*s + 3*s + 55 = 4*p. What is the greatest common factor of 26 and p?
13
Let c be 2/(-5) + 16/(-10). Let r be (-358)/(-3) + c/6. Let u be -34*(3 - (-14)/(-4)). What is the highest common factor of r and u?
17
Let c(p) = -p + 8. Let k be c(-6). Let r = -11 + 25. Calculate the greatest common divisor of k and r.
14
Let j(m) = m + 12. Let v be j(8). Calculate the highest common divisor of 220 and v.
20
Let o = -1 - 3. Let n be 1/(-2)*o + 4. Suppose v - 2*v + 3*w = -15, -4*v + 3*w = -60. What is the greatest common divisor of n and v?
3
Suppose -4*k - 5*m = -225, -4*m = 12 - 32. What is the highest common factor of 30 and k?
10
Let u be 128/72 - 2/(-9). Suppose -2*j + 56 = u*f, 3*f + 2*j = -0*j + 83. What is the highest common divisor of 18 and f?
9
Let q(h) = -4*h - 8. Let y be q(-6). Let c be (0 - -1)*(-8 - -73). Suppose 4*j - c = 31. What is the greatest common divisor of y and j?
8
Let x be (2/(-4))/(8/(-160)). Calculate the greatest common factor of x and 15.
5
Let c(a) = 3*a**3 - 4*a**2 + 7. Let i be c(4). Calculate the greatest common factor of 15 and i.
15
Let b = 3 - 8. Let r be 4 + b + 3 + -1. What is the greatest common divisor of r and 1?
1
Let s(u) = 9 + 3*u - 1 - 2*u. Let d be s(8). What is the highest common factor of d and 4?
4
Let p be 87/27 + 2/(-9). Suppose -p*r - 4*g = 2*r - 48, 4 = 2*g. Calculate the greatest common divisor of r and 72.
8
Suppose -8 = -5*k + k. Let f be 22/10 - k/10. What is the highest common divisor of 10 and f?
2
Let u(d) = d + 30. Let i be u(-14). What is the greatest common divisor of i and 4?
4
Let k(a) = -a - 1. Let v be k(-3). What is the highest common factor of v and 10?
2
Let n(i) = -i + 31. Let h be 16 + 4/(-2) - -3. Let z be n(h). Calculate the highest common divisor of z and 154.
14
Let p be 1/(-4) + 734/(-8). Let n be p/5 - 6/(-15). Let h be (-4)/2 + (-5 - n). Calculate the highest common factor of h and 1.
1
Suppose 4*q + 5 - 37 = 0. Let m = q - 2. Let g(d) = -3*d - 9. Let i be g(-7). What is the greatest common factor of i and m?
6
Suppose -7 + 29 = n. What is the highest common factor of 220 and n?
22
Let c(z) = -28*z - 13. Let w(h) = -29*h - 12. Let k(u) = -5*c(u) + 6*w(u). Let f be k(-3). Calculate the highest common divisor of f and 19.
19
Suppose 3 = f, 3*f + 193 = 2*g - 78. Let k = -5 - -9. Let z(l) = l**2 + 2*l - 4. Let a be z(k). Calculate the greatest common factor of a and g.
20
Let x(t) = 5*t - 6. Let m be x(15). Let u be m/9*24/2. What is the highest common divisor of 23 and u?
23
Let i(d) = 20*d**2 + 7*d + 3. Let k be i(-3). What is the greatest common factor of k and 18?
18
Let q be -2*-2*6/8. Suppose 4*v - 16 = q*v. Let w be (v/10)/((-1)/(-145)). What is the greatest common divisor of w and 29?
29
Suppose 15 = 3*n, 0 = 7*y - 3*y + 4*n - 72. Let i(o) = o**3 + 10*o**2 + 20*o - 11. Let r be i(-6). Calculate the highest common factor of r and y.
13
Let u(z) = z**2 + z - 2. Let i be u(2). Let m(w) = 2*w + 3. Let a be m(-6). Let h be 2*a/(-6) + -1. What is the highest common factor of i and h?
2
Let f be (4 + -3)*-1*-7. Suppose -o + 64 = 4*v, -1 + 7 = 3*v. What is the greatest common divisor of f and o?
7
Let s be (-4)/14 - 494/(-14). Suppose 4*t + 2*d - 62 = 0, -5*d + 0 = 2*t - s. Let l = 335 - 215. What is the highest common factor of t and l?
15
Suppose 5*r = 4*v + 48, -26 = -2*r + 2*v + 3*v. Calculate the highest common factor of 8 and r.
8
Let l(g) = 7*g**3 - g**2 - 2*g - 3. Let o be l(3). Suppose 5*b = 3*w - 5*w + 97, 4*b + 3*w - 79 = 0. What is the greatest common divisor of o and b?
19
Suppose -23 = -a + i + 1, 0 = -4*a - i + 96. What is the highest common divisor of 3 and a?
3
Suppose 3*g + 2*g - 280 = 0. Calculate the greatest common factor of 98 and g.
14
Let b(c) = c**3 - c + 3. Let x be b(0). Let p(l) = 2*l**2 + 2*l**2 - 3*l**2 - x. Let w be p(-3). What is the highest common factor of 24 and w?
6
Let g be (-15)/((-2)/4*2). What is the highest common divisor of g and 5?
5
Let a = 2410 + -1675. Suppose 4*i = -i + a. What is the highest common divisor of 21 and i?
21
Let k(n) = n**2 - 2*n + 2. Let m be k(2). Suppose 5*a + 5 = -l, -5*l - 10 + 45 = -5*a. Calculate the greatest common divisor of m and l.
1
Let l be (-318)/3*1/(-2). Let h = l - 23. Calculate the highest common divisor of 20 and h.
10
Suppose 4 = 3*v - 5. Suppose -5*s - v*g + 259 = 0, -s - g = -3*s + 97. Let f(c) = c**2 - 5. Let o be f(5). What is the greatest